{"id":985,"date":"2023-07-12T14:10:39","date_gmt":"2023-07-12T14:10:39","guid":{"rendered":"https:\/\/ortoger.pt\/?post_type=product&#038;p=985"},"modified":"2023-08-15T18:22:27","modified_gmt":"2023-08-15T18:22:27","slug":"bengala-dobravel-design-pastel","status":"publish","type":"product","link":"https:\/\/ortoger.pt\/?product=bengala-dobravel-design-pastel","title":{"rendered":"Bengala dobr\u00e1vel design pastel"},"content":{"rendered":"<p class=\"mb-2\"><b>Dimens\u00f5es<\/b>: 82,5 a 92 cm<\/p>\n<p class=\"mb-2\"><b>Cor<\/b>: Pastel<\/p>\n<p class=\"mb-2\"><b>Perfil e Instru\u00e7\u00f5es de Utiliza\u00e7\u00e3o<\/b>: As Bengalas Dobr\u00e1veis e Ajust\u00e1veis s\u00e3o concebidas para lhe permitir equilibrar o seu peso ou retirar a carga dos membros inferiores ao andar. Indicado para os utilizadores que necessitam de um apoio extra para realizarem a sua mobilidade di\u00e1ria em seguran\u00e7a. Permitem uma marcha segura e confort\u00e1vel de caminhar gra\u00e7as \u00e0 sua robusta estrutura de alum\u00ednio. A pega foi concebida para todos os tamanhos de m\u00e3os, melhorando o conforto. Indica\u00e7\u00f5es: Perda de autonomia devido a dist\u00farbios; Dist\u00farbios de equil\u00edbrio e\/ou postura; Problemas de marcha; Programa de reabilita\u00e7\u00e3o ap\u00f3s uma les\u00e3o ou opera\u00e7\u00e3o. A bengala \u00e9 dobr\u00e1vel em 4 partes. Antes de usar, assegure-se sempre de que o anel de bloqueio est\u00e1 firmemente seguro no lugar e, que o bot\u00e3o de bloqueio est\u00e1 totalmente encaixado no orif\u00edcio selecionado. Para desdobrar, solte um tubo de cada vez, e encaixe-os at\u00e9 todos ficarem conectados entre si. Verifique que todos est\u00e3o no lugar. Para dobrar, puxe dois tubos para baixo e dobre um no outro. Repita a opera\u00e7\u00e3o com os restantes.<\/p>\n","protected":false},"excerpt":{"rendered":"<p>Dimens\u00f5es: 82,5 a 92 cm Cor: Pastel Perfil e Instru\u00e7\u00f5es de Utiliza\u00e7\u00e3o: As Bengalas Dobr\u00e1veis e Ajust\u00e1veis s\u00e3o concebidas para lhe permitir equilibrar o seu peso ou retirar a carga dos membros inferiores ao andar. Indicado para os utilizadores que necessitam de um apoio extra para realizarem a sua mobilidade di\u00e1ria em seguran\u00e7a. Permitem uma [&hellip;]<\/p>\n","protected":false},"featured_media":986,"comment_status":"closed","ping_status":"closed","template":"","meta":{"_acf_changed":false,"jetpack_post_was_ever_published":false,"jetpack_publicize_message":"","jetpack_publicize_feature_enabled":true,"jetpack_social_post_already_shared":true,"jetpack_social_options":{"image_generator_settings":{"template":"highway","default_image_id":0,"font":"","enabled":false},"version":2}},"product_brand":[],"product_cat":[229,397],"product_tag":[232,115,233],"class_list":{"0":"post-985","1":"product","2":"type-product","3":"status-publish","4":"has-post-thumbnail","6":"product_cat-auxiliares-de-marcha","7":"product_cat-canadianas-bengalas-tripes-e-ou-quadripes","8":"product_tag-aluminioapoiomarcha","9":"product_tag-apoio","10":"product_tag-marcha","12":"first","13":"instock","14":"shipping-taxable","15":"product-type-simple"},"acf":[],"jetpack_publicize_connections":[],"jetpack_sharing_enabled":true,"_links":{"self":[{"href":"https:\/\/ortoger.pt\/index.php?rest_route=\/wp\/v2\/product\/985","targetHints":{"allow":["GET"]}}],"collection":[{"href":"https:\/\/ortoger.pt\/index.php?rest_route=\/wp\/v2\/product"}],"about":[{"href":"https:\/\/ortoger.pt\/index.php?rest_route=\/wp\/v2\/types\/product"}],"replies":[{"embeddable":true,"href":"https:\/\/ortoger.pt\/index.php?rest_route=%2Fwp%2Fv2%2Fcomments&post=985"}],"wp:featuredmedia":[{"embeddable":true,"href":"https:\/\/ortoger.pt\/index.php?rest_route=\/wp\/v2\/media\/986"}],"wp:attachment":[{"href":"https:\/\/ortoger.pt\/index.php?rest_route=%2Fwp%2Fv2%2Fmedia&parent=985"}],"wp:term":[{"taxonomy":"product_brand","embeddable":true,"href":"https:\/\/ortoger.pt\/index.php?rest_route=%2Fwp%2Fv2%2Fproduct_brand&post=985"},{"taxonomy":"product_cat","embeddable":true,"href":"https:\/\/ortoger.pt\/index.php?rest_route=%2Fwp%2Fv2%2Fproduct_cat&post=985"},{"taxonomy":"product_tag","embeddable":true,"href":"https:\/\/ortoger.pt\/index.php?rest_route=%2Fwp%2Fv2%2Fproduct_tag&post=985"}],"curies":[{"name":"wp","href":"https:\/\/api.w.org\/{rel}","templated":true}]}}