{"id":2326,"date":"2025-02-08T15:33:25","date_gmt":"2025-02-08T15:33:25","guid":{"rendered":"https:\/\/ortoger.pt\/?post_type=product&#038;p=2326"},"modified":"2025-04-12T19:39:23","modified_gmt":"2025-04-12T19:39:23","slug":"sapato-para-diabeticos-5003","status":"publish","type":"product","link":"https:\/\/ortoger.pt\/?product=sapato-para-diabeticos-5003","title":{"rendered":"Sapatos para Diab\u00e9ticos"},"content":{"rendered":"<p>Gama de sapatos que nomeamos de \u201camigos dos diab\u00e9ticos&#8221; indicados para todas as pessoas com diabetes (p\u00e9 diab\u00e9tico), com problemas sensitivos ao n\u00edvel dos p\u00e9s, pessoas com p\u00e9s inchados ou pessoas que simplesmente procuram sapatos de conforto, comodidade e qualidade.<\/p>\n<p>Interior sem costuras, para proporcionar conforto e uma seguran\u00e7a adicional aos diab\u00e9ticos com problemas de sensibilidade ao n\u00edvel dos p\u00e9s.<br \/>\nPermite a f\u00e1cil substitui\u00e7\u00e3o das palmilhas.<br \/>\nFabricados com as melhores peles macias e finas, aliadas aos melhores materiais, tais como forros antif\u00fangicos, lav\u00e1veis, solas em mat\u00e9rias ultra leves, antiderrapantes, absorventes de impactos e resistentes ao abras\u00e3o.<\/p>\n<p>Modelos:<br \/>\n5001 &#8211; Com 1 velcro<br \/>\n5002 &#8211; Com 2 velcros<br \/>\n5003 &#8211; Com 3 velcros<br \/>\n5004 &#8211; Sand\u00e1lia<\/p>\n<p>Tamanhos: 34 &#8211; 46<\/p>\n","protected":false},"excerpt":{"rendered":"<p>Gama de sapatos que nomeamos de \u201camigos dos diab\u00e9ticos&#8221; indicados para todas as pessoas com diabetes (p\u00e9 diab\u00e9tico), com problemas sensitivos ao n\u00edvel dos p\u00e9s, pessoas com p\u00e9s inchados ou pessoas que simplesmente procuram sapatos de conforto, comodidade e qualidade. Interior sem costuras, para proporcionar conforto e uma seguran\u00e7a adicional aos diab\u00e9ticos com problemas de [&hellip;]<\/p>\n","protected":false},"featured_media":2511,"comment_status":"closed","ping_status":"closed","template":"","meta":{"_acf_changed":false,"jetpack_post_was_ever_published":false,"jetpack_publicize_message":"","jetpack_publicize_feature_enabled":true,"jetpack_social_post_already_shared":true,"jetpack_social_options":{"image_generator_settings":{"template":"highway","default_image_id":0,"font":"","enabled":false},"version":2}},"product_brand":[],"product_cat":[833],"product_tag":[620,773,606],"class_list":{"0":"post-2326","1":"product","2":"type-product","3":"status-publish","4":"has-post-thumbnail","6":"product_cat-diabetico","7":"product_tag-calcado","8":"product_tag-diabetico","9":"product_tag-pe-diabetico","11":"first","12":"instock","13":"shipping-taxable","14":"product-type-simple"},"acf":[],"jetpack_publicize_connections":[],"jetpack_sharing_enabled":true,"_links":{"self":[{"href":"https:\/\/ortoger.pt\/index.php?rest_route=\/wp\/v2\/product\/2326","targetHints":{"allow":["GET"]}}],"collection":[{"href":"https:\/\/ortoger.pt\/index.php?rest_route=\/wp\/v2\/product"}],"about":[{"href":"https:\/\/ortoger.pt\/index.php?rest_route=\/wp\/v2\/types\/product"}],"replies":[{"embeddable":true,"href":"https:\/\/ortoger.pt\/index.php?rest_route=%2Fwp%2Fv2%2Fcomments&post=2326"}],"wp:featuredmedia":[{"embeddable":true,"href":"https:\/\/ortoger.pt\/index.php?rest_route=\/wp\/v2\/media\/2511"}],"wp:attachment":[{"href":"https:\/\/ortoger.pt\/index.php?rest_route=%2Fwp%2Fv2%2Fmedia&parent=2326"}],"wp:term":[{"taxonomy":"product_brand","embeddable":true,"href":"https:\/\/ortoger.pt\/index.php?rest_route=%2Fwp%2Fv2%2Fproduct_brand&post=2326"},{"taxonomy":"product_cat","embeddable":true,"href":"https:\/\/ortoger.pt\/index.php?rest_route=%2Fwp%2Fv2%2Fproduct_cat&post=2326"},{"taxonomy":"product_tag","embeddable":true,"href":"https:\/\/ortoger.pt\/index.php?rest_route=%2Fwp%2Fv2%2Fproduct_tag&post=2326"}],"curies":[{"name":"wp","href":"https:\/\/api.w.org\/{rel}","templated":true}]}}