{"id":2263,"date":"2025-02-05T12:03:57","date_gmt":"2025-02-05T12:03:57","guid":{"rendered":"https:\/\/ortoger.pt\/?post_type=product&#038;p=2263"},"modified":"2025-04-10T19:20:42","modified_gmt":"2025-04-10T19:20:42","slug":"cadeira-sanitaria-banho-4-em-1-encartavel","status":"publish","type":"product","link":"https:\/\/ortoger.pt\/?product=cadeira-sanitaria-banho-4-em-1-encartavel","title":{"rendered":"Cadeira Sanit\u00e1ria\/Banho 4 em 1 encart\u00e1vel"},"content":{"rendered":"<p><span style=\"color: #000000;\">Cadeira sanit\u00e1ria\/banho ideal para pessoas com mobilidade reduzida e\/ou defici\u00eancia. Permite uma maior seguran\u00e7a e estabilidade durante o duche e a utiliza\u00e7\u00e3o da sanita.<\/span><\/p>\n<h4 class=\"mb-3\"><span style=\"color: #000000;\">Descri\u00e7\u00e3o T\u00e9cnica:<\/span><\/h4>\n<ul>\n<li class=\"mb-3\" style=\"text-align: left;\"><span style=\"color: #000000;\">Estrutura de Alum\u00ednio anodizado (regul\u00e1vel em altura)<\/span><\/li>\n<li class=\"mb-3\" style=\"text-align: left;\"><span style=\"color: #000000;\">Assento em PVC e ponteiras em Borracha antiderrapante<\/span><\/li>\n<li style=\"text-align: left;\"><span style=\"color: #000000;\">Dimens\u00f5es: 46 x 56cm, 64 \u2013 74 (ajust\u00e1vel em altura)<\/span><\/li>\n<li class=\"mb-3\" style=\"text-align: left;\"><span style=\"color: #000000;\">Peso m\u00e1ximo\u00a0 do utilizador \u2013 130 kg<\/span><\/li>\n<li style=\"text-align: left;\"><span style=\"color: #000000;\">Cadeira 4 em 1: Alteador de sanita, Sanit\u00e1ria e de Banho Encart\u00e1vel.<\/span><\/li>\n<\/ul>\n<p class=\"mb-2\"><span style=\"color: #000000;\"><b>Peso do artigo<\/b>: 4,500\u00a0Kg<\/span><\/p>\n","protected":false},"excerpt":{"rendered":"<p>Cadeira sanit\u00e1ria\/banho ideal para pessoas com mobilidade reduzida e\/ou defici\u00eancia. Permite uma maior seguran\u00e7a e estabilidade durante o duche e a utiliza\u00e7\u00e3o da sanita. Descri\u00e7\u00e3o T\u00e9cnica: Estrutura de Alum\u00ednio anodizado (regul\u00e1vel em altura) Assento em PVC e ponteiras em Borracha antiderrapante Dimens\u00f5es: 46 x 56cm, 64 \u2013 74 (ajust\u00e1vel em altura) Peso m\u00e1ximo\u00a0 do utilizador [&hellip;]<\/p>\n","protected":false},"featured_media":2264,"comment_status":"closed","ping_status":"closed","template":"","meta":{"_acf_changed":false,"jetpack_post_was_ever_published":false,"jetpack_publicize_message":"","jetpack_publicize_feature_enabled":true,"jetpack_social_post_already_shared":true,"jetpack_social_options":{"image_generator_settings":{"template":"highway","default_image_id":0,"font":"","enabled":false},"version":2}},"product_brand":[],"product_cat":[836],"product_tag":[815,221,195,140,362],"class_list":{"0":"post-2263","1":"product","2":"type-product","3":"status-publish","4":"has-post-thumbnail","6":"product_cat-cadeira-sanitaria-e-ou-banho","7":"product_tag-4em1","8":"product_tag-aluminio","9":"product_tag-banho","10":"product_tag-cadeira","11":"product_tag-sanitaria","13":"first","14":"instock","15":"shipping-taxable","16":"product-type-simple"},"acf":[],"jetpack_publicize_connections":[],"jetpack_sharing_enabled":true,"_links":{"self":[{"href":"https:\/\/ortoger.pt\/index.php?rest_route=\/wp\/v2\/product\/2263","targetHints":{"allow":["GET"]}}],"collection":[{"href":"https:\/\/ortoger.pt\/index.php?rest_route=\/wp\/v2\/product"}],"about":[{"href":"https:\/\/ortoger.pt\/index.php?rest_route=\/wp\/v2\/types\/product"}],"replies":[{"embeddable":true,"href":"https:\/\/ortoger.pt\/index.php?rest_route=%2Fwp%2Fv2%2Fcomments&post=2263"}],"wp:featuredmedia":[{"embeddable":true,"href":"https:\/\/ortoger.pt\/index.php?rest_route=\/wp\/v2\/media\/2264"}],"wp:attachment":[{"href":"https:\/\/ortoger.pt\/index.php?rest_route=%2Fwp%2Fv2%2Fmedia&parent=2263"}],"wp:term":[{"taxonomy":"product_brand","embeddable":true,"href":"https:\/\/ortoger.pt\/index.php?rest_route=%2Fwp%2Fv2%2Fproduct_brand&post=2263"},{"taxonomy":"product_cat","embeddable":true,"href":"https:\/\/ortoger.pt\/index.php?rest_route=%2Fwp%2Fv2%2Fproduct_cat&post=2263"},{"taxonomy":"product_tag","embeddable":true,"href":"https:\/\/ortoger.pt\/index.php?rest_route=%2Fwp%2Fv2%2Fproduct_tag&post=2263"}],"curies":[{"name":"wp","href":"https:\/\/api.w.org\/{rel}","templated":true}]}}