{"id":1374,"date":"2023-08-20T16:26:03","date_gmt":"2023-08-20T16:26:03","guid":{"rendered":"https:\/\/ortoger.pt\/?post_type=product&#038;p=1374"},"modified":"2023-08-20T16:26:03","modified_gmt":"2023-08-20T16:26:03","slug":"andarilho-de-encartar-com-rodas","status":"publish","type":"product","link":"https:\/\/ortoger.pt\/?product=andarilho-de-encartar-com-rodas","title":{"rendered":"Andarilho de encartar com rodas"},"content":{"rendered":"<p>Andarilho dobr\u00e1vel 2 rodas fixas com altura ajust\u00e1vel e 2 ponteiras.<\/p>\n<p><strong>Carater\u00edsticas:<\/strong><br \/>\n<strong>Estrutura:<\/strong> Tubo de alum\u00ednio.<br \/>\n<strong>Pegas:<\/strong> Polipropileno.<br \/>\n<strong>Pontas:<\/strong> Borracha antiderrapante.<\/p>\n","protected":false},"excerpt":{"rendered":"<p>Andarilho dobr\u00e1vel 2 rodas fixas com altura ajust\u00e1vel e 2 ponteiras. Carater\u00edsticas: Estrutura: Tubo de alum\u00ednio. Pegas: Polipropileno. Pontas: Borracha antiderrapante.<\/p>\n","protected":false},"featured_media":1376,"comment_status":"closed","ping_status":"closed","template":"","meta":{"_acf_changed":false,"jetpack_post_was_ever_published":false,"jetpack_publicize_message":"","jetpack_publicize_feature_enabled":true,"jetpack_social_post_already_shared":true,"jetpack_social_options":{"image_generator_settings":{"template":"highway","default_image_id":0,"font":"","enabled":false},"version":2}},"product_brand":[],"product_cat":[394],"product_tag":[221,395,236,199],"class_list":{"0":"post-1374","1":"product","2":"type-product","3":"status-publish","4":"has-post-thumbnail","6":"product_cat-andarilhos","7":"product_tag-aluminio","8":"product_tag-andarilho","9":"product_tag-ponteiras","10":"product_tag-rodas","12":"first","13":"instock","14":"shipping-taxable","15":"product-type-simple"},"acf":[],"jetpack_publicize_connections":[],"jetpack_sharing_enabled":true,"_links":{"self":[{"href":"https:\/\/ortoger.pt\/index.php?rest_route=\/wp\/v2\/product\/1374","targetHints":{"allow":["GET"]}}],"collection":[{"href":"https:\/\/ortoger.pt\/index.php?rest_route=\/wp\/v2\/product"}],"about":[{"href":"https:\/\/ortoger.pt\/index.php?rest_route=\/wp\/v2\/types\/product"}],"replies":[{"embeddable":true,"href":"https:\/\/ortoger.pt\/index.php?rest_route=%2Fwp%2Fv2%2Fcomments&post=1374"}],"wp:featuredmedia":[{"embeddable":true,"href":"https:\/\/ortoger.pt\/index.php?rest_route=\/wp\/v2\/media\/1376"}],"wp:attachment":[{"href":"https:\/\/ortoger.pt\/index.php?rest_route=%2Fwp%2Fv2%2Fmedia&parent=1374"}],"wp:term":[{"taxonomy":"product_brand","embeddable":true,"href":"https:\/\/ortoger.pt\/index.php?rest_route=%2Fwp%2Fv2%2Fproduct_brand&post=1374"},{"taxonomy":"product_cat","embeddable":true,"href":"https:\/\/ortoger.pt\/index.php?rest_route=%2Fwp%2Fv2%2Fproduct_cat&post=1374"},{"taxonomy":"product_tag","embeddable":true,"href":"https:\/\/ortoger.pt\/index.php?rest_route=%2Fwp%2Fv2%2Fproduct_tag&post=1374"}],"curies":[{"name":"wp","href":"https:\/\/api.w.org\/{rel}","templated":true}]}}