{"id":1259,"date":"2023-08-11T19:12:28","date_gmt":"2023-08-11T19:12:28","guid":{"rendered":"https:\/\/ortoger.pt\/?post_type=product&#038;p=1259"},"modified":"2024-01-11T11:44:44","modified_gmt":"2024-01-11T11:44:44","slug":"cadeira-de-rodas-forta-line-q45-giro","status":"publish","type":"product","link":"https:\/\/ortoger.pt\/?product=cadeira-de-rodas-forta-line-q45-giro","title":{"rendered":"Cadeira de rodas FORTA LINE Q45 GIRO"},"content":{"rendered":"<p>Cadeira de rodas FORTA LINE Q45 GIRO inclui rodas traseiras de pequenas dimens\u00f5es (75mm) que podem ser recolhidas para passar por caminhos estreitos, adequado por exemplo: elevadores, portas estreitas, etc.<br \/>\nEste sistema permite que a cadeira de rodas gire sobre o seu pr\u00f3prio eixo.<\/p>\n<p>As rodas traseiras permanecem recolhidas at\u00e9 que sejam necess\u00e1rias, quando, atrav\u00e9s de um simples movimento, podem ser colocadas, removendo facilmente as rodas grande. Design ergon\u00f3mico que permite uma utiliza\u00e7\u00e3o total da profundidade do assento, fornecendo um apoio lombar mais amplo.<br \/>\nFabricado em alum\u00ednio, o que a torna mais leve.<br \/>\nApoio de p\u00e9s ajust\u00e1vel e remov\u00edvel. Assim como os bra\u00e7os remov\u00edveis.<\/p>\n<p>Peso do artigo: 14kg completa 13Kg sem rodas grande<\/p>\n<p>Peso m\u00e1ximo de utilizador:140kg<\/p>\n","protected":false},"excerpt":{"rendered":"<p>Cadeira de rodas FORTA LINE Q45 GIRO inclui rodas traseiras de pequenas dimens\u00f5es (75mm) que podem ser recolhidas para passar por caminhos estreitos, adequado por exemplo: elevadores, portas estreitas, etc. Este sistema permite que a cadeira de rodas gire sobre o seu pr\u00f3prio eixo. As rodas traseiras permanecem recolhidas at\u00e9 que sejam necess\u00e1rias, quando, atrav\u00e9s [&hellip;]<\/p>\n","protected":false},"featured_media":1260,"comment_status":"closed","ping_status":"closed","template":"","meta":{"_acf_changed":false,"jetpack_post_was_ever_published":false,"jetpack_publicize_message":"","jetpack_publicize_feature_enabled":true,"jetpack_social_post_already_shared":true,"jetpack_social_options":{"image_generator_settings":{"template":"highway","default_image_id":0,"font":"","enabled":false},"version":2}},"product_brand":[],"product_cat":[229,349],"product_tag":[221,367,140,369,368],"class_list":{"0":"post-1259","1":"product","2":"type-product","3":"status-publish","4":"has-post-thumbnail","6":"product_cat-auxiliares-de-marcha","7":"product_cat-cadeira-de-rodas-manual","8":"product_tag-aluminio","9":"product_tag-auxiliar-de-marcha","10":"product_tag-cadeira","11":"product_tag-leve","12":"product_tag-manual","14":"first","15":"instock","16":"shipping-taxable","17":"product-type-simple"},"acf":[],"jetpack_publicize_connections":[],"jetpack_sharing_enabled":true,"_links":{"self":[{"href":"https:\/\/ortoger.pt\/index.php?rest_route=\/wp\/v2\/product\/1259","targetHints":{"allow":["GET"]}}],"collection":[{"href":"https:\/\/ortoger.pt\/index.php?rest_route=\/wp\/v2\/product"}],"about":[{"href":"https:\/\/ortoger.pt\/index.php?rest_route=\/wp\/v2\/types\/product"}],"replies":[{"embeddable":true,"href":"https:\/\/ortoger.pt\/index.php?rest_route=%2Fwp%2Fv2%2Fcomments&post=1259"}],"wp:featuredmedia":[{"embeddable":true,"href":"https:\/\/ortoger.pt\/index.php?rest_route=\/wp\/v2\/media\/1260"}],"wp:attachment":[{"href":"https:\/\/ortoger.pt\/index.php?rest_route=%2Fwp%2Fv2%2Fmedia&parent=1259"}],"wp:term":[{"taxonomy":"product_brand","embeddable":true,"href":"https:\/\/ortoger.pt\/index.php?rest_route=%2Fwp%2Fv2%2Fproduct_brand&post=1259"},{"taxonomy":"product_cat","embeddable":true,"href":"https:\/\/ortoger.pt\/index.php?rest_route=%2Fwp%2Fv2%2Fproduct_cat&post=1259"},{"taxonomy":"product_tag","embeddable":true,"href":"https:\/\/ortoger.pt\/index.php?rest_route=%2Fwp%2Fv2%2Fproduct_tag&post=1259"}],"curies":[{"name":"wp","href":"https:\/\/api.w.org\/{rel}","templated":true}]}}