{"id":1175,"date":"2023-07-15T14:19:13","date_gmt":"2023-07-15T14:19:13","guid":{"rendered":"https:\/\/ortoger.pt\/?post_type=product&#038;p=1175"},"modified":"2023-08-19T12:51:20","modified_gmt":"2023-08-19T12:51:20","slug":"suporte-imobilizador-de-pulso","status":"publish","type":"product","link":"https:\/\/ortoger.pt\/?product=suporte-imobilizador-de-pulso","title":{"rendered":"Suporte imobilizador de pulso"},"content":{"rendered":"<p>Suporte Imobilizador Pulso\u00a0 \u00e9 fabricado em tecido anelado e veludo respir\u00e1vel e lav\u00e1vel, com fechos de velcro para ajuste do tamanho pretendido. Para al\u00e9m disso, este imobilizador de pulso cont\u00e9m com uma tala palmar em alum\u00ednio male\u00e1vel para imobiliza\u00e7\u00e3o da articula\u00e7\u00e3o do pulso na posi\u00e7\u00e3o funcional, e outra tala em alum\u00ednio na zona posterior que providencia o suporte e rigidez suficiente para a imobiliza\u00e7\u00e3o da articula\u00e7\u00e3o do pulso.<\/p>\n<p>Cont\u00eam acess\u00f3rio de polegar adquirido a parte.<\/p>\n","protected":false},"excerpt":{"rendered":"<p>Suporte Imobilizador Pulso\u00a0 \u00e9 fabricado em tecido anelado e veludo respir\u00e1vel e lav\u00e1vel, com fechos de velcro para ajuste do tamanho pretendido. Para al\u00e9m disso, este imobilizador de pulso cont\u00e9m com uma tala palmar em alum\u00ednio male\u00e1vel para imobiliza\u00e7\u00e3o da articula\u00e7\u00e3o do pulso na posi\u00e7\u00e3o funcional, e outra tala em alum\u00ednio na zona posterior que [&hellip;]<\/p>\n","protected":false},"featured_media":1176,"comment_status":"closed","ping_status":"closed","template":"","meta":{"_acf_changed":false,"jetpack_post_was_ever_published":false,"jetpack_publicize_message":"","jetpack_publicize_feature_enabled":true,"jetpack_social_post_already_shared":true,"jetpack_social_options":{"image_generator_settings":{"template":"highway","default_image_id":0,"font":"","enabled":false},"version":2}},"product_brand":[],"product_cat":[351],"product_tag":[341,329,262,342,257,252],"class_list":{"0":"post-1175","1":"product","2":"type-product","3":"status-publish","4":"has-post-thumbnail","6":"product_cat-pediatria","7":"product_tag-crianca","8":"product_tag-imobilizador","9":"product_tag-mao","10":"product_tag-pediatrico","11":"product_tag-punho","12":"product_tag-suporte","14":"first","15":"instock","16":"shipping-taxable","17":"product-type-simple"},"acf":[],"jetpack_publicize_connections":[],"jetpack_sharing_enabled":true,"_links":{"self":[{"href":"https:\/\/ortoger.pt\/index.php?rest_route=\/wp\/v2\/product\/1175","targetHints":{"allow":["GET"]}}],"collection":[{"href":"https:\/\/ortoger.pt\/index.php?rest_route=\/wp\/v2\/product"}],"about":[{"href":"https:\/\/ortoger.pt\/index.php?rest_route=\/wp\/v2\/types\/product"}],"replies":[{"embeddable":true,"href":"https:\/\/ortoger.pt\/index.php?rest_route=%2Fwp%2Fv2%2Fcomments&post=1175"}],"wp:featuredmedia":[{"embeddable":true,"href":"https:\/\/ortoger.pt\/index.php?rest_route=\/wp\/v2\/media\/1176"}],"wp:attachment":[{"href":"https:\/\/ortoger.pt\/index.php?rest_route=%2Fwp%2Fv2%2Fmedia&parent=1175"}],"wp:term":[{"taxonomy":"product_brand","embeddable":true,"href":"https:\/\/ortoger.pt\/index.php?rest_route=%2Fwp%2Fv2%2Fproduct_brand&post=1175"},{"taxonomy":"product_cat","embeddable":true,"href":"https:\/\/ortoger.pt\/index.php?rest_route=%2Fwp%2Fv2%2Fproduct_cat&post=1175"},{"taxonomy":"product_tag","embeddable":true,"href":"https:\/\/ortoger.pt\/index.php?rest_route=%2Fwp%2Fv2%2Fproduct_tag&post=1175"}],"curies":[{"name":"wp","href":"https:\/\/api.w.org\/{rel}","templated":true}]}}