{"id":1171,"date":"2023-07-15T12:22:44","date_gmt":"2023-07-15T12:22:44","guid":{"rendered":"https:\/\/ortoger.pt\/?post_type=product&#038;p=1171"},"modified":"2023-08-19T13:05:44","modified_gmt":"2023-08-19T13:05:44","slug":"colar-cervical-pediatrico","status":"publish","type":"product","link":"https:\/\/ortoger.pt\/?product=colar-cervical-pediatrico","title":{"rendered":"Colar cervical pedi\u00e1trico"},"content":{"rendered":"<p>Fabricado em material de espuma poliuretano, com uma largura de 5 at\u00e9 6,5 cm, com fecho em velcro na parte posterior, forma anat\u00f3mica. 100% algod\u00e3o. Especialmente concebido para crian\u00e7as, com um design perfeito que se adapta \u00e0s carater\u00edsticas f\u00edsicas do paciente.<\/p>\n<p>Modelo dispon\u00edvel em dois tamanhos.<\/p>\n","protected":false},"excerpt":{"rendered":"<p>Fabricado em material de espuma poliuretano, com uma largura de 5 at\u00e9 6,5 cm, com fecho em velcro na parte posterior, forma anat\u00f3mica. 100% algod\u00e3o. Especialmente concebido para crian\u00e7as, com um design perfeito que se adapta \u00e0s carater\u00edsticas f\u00edsicas do paciente. Modelo dispon\u00edvel em dois tamanhos.<\/p>\n","protected":false},"featured_media":1172,"comment_status":"closed","ping_status":"closed","template":"","meta":{"_acf_changed":false,"jetpack_post_was_ever_published":false,"jetpack_publicize_message":"","jetpack_publicize_feature_enabled":true,"jetpack_social_post_already_shared":true,"jetpack_social_options":{"image_generator_settings":{"template":"highway","default_image_id":0,"font":"","enabled":false},"version":2}},"product_brand":[],"product_cat":[351],"product_tag":[],"class_list":{"0":"post-1171","1":"product","2":"type-product","3":"status-publish","4":"has-post-thumbnail","6":"product_cat-pediatria","8":"first","9":"instock","10":"shipping-taxable","11":"product-type-simple"},"acf":[],"jetpack_publicize_connections":[],"jetpack_sharing_enabled":true,"_links":{"self":[{"href":"https:\/\/ortoger.pt\/index.php?rest_route=\/wp\/v2\/product\/1171","targetHints":{"allow":["GET"]}}],"collection":[{"href":"https:\/\/ortoger.pt\/index.php?rest_route=\/wp\/v2\/product"}],"about":[{"href":"https:\/\/ortoger.pt\/index.php?rest_route=\/wp\/v2\/types\/product"}],"replies":[{"embeddable":true,"href":"https:\/\/ortoger.pt\/index.php?rest_route=%2Fwp%2Fv2%2Fcomments&post=1171"}],"wp:featuredmedia":[{"embeddable":true,"href":"https:\/\/ortoger.pt\/index.php?rest_route=\/wp\/v2\/media\/1172"}],"wp:attachment":[{"href":"https:\/\/ortoger.pt\/index.php?rest_route=%2Fwp%2Fv2%2Fmedia&parent=1171"}],"wp:term":[{"taxonomy":"product_brand","embeddable":true,"href":"https:\/\/ortoger.pt\/index.php?rest_route=%2Fwp%2Fv2%2Fproduct_brand&post=1171"},{"taxonomy":"product_cat","embeddable":true,"href":"https:\/\/ortoger.pt\/index.php?rest_route=%2Fwp%2Fv2%2Fproduct_cat&post=1171"},{"taxonomy":"product_tag","embeddable":true,"href":"https:\/\/ortoger.pt\/index.php?rest_route=%2Fwp%2Fv2%2Fproduct_tag&post=1171"}],"curies":[{"name":"wp","href":"https:\/\/api.w.org\/{rel}","templated":true}]}}